nd 22?
22
Calculate the highest common factor of 66 and 3069.
33
Calculate the greatest common divisor of 15 and 105.
15
Calculate the greatest common factor of 9 and 531.
9
What is the greatest common divisor of 210 and 882?
42
What is the highest common factor of 15 and 255?
15
What is the greatest common factor of 43 and 7783?
43
Calculate the highest common factor of 10 and 1080.
10
Calculate the greatest common divisor of 136 and 7837.
17
What is the highest common factor of 354 and 1298?
118
What is the greatest common factor of 18 and 1638?
18
What is the greatest common factor of 69 and 46?
23
What is the highest common factor of 20 and 145?
5
Calculate the highest common factor of 66 and 19074.
66
What is the greatest common factor of 310 and 1674?
62
Calculate the greatest common factor of 130 and 40.
10
Calculate the highest common factor of 2900 and 116.
116
What is the highest common factor of 12 and 6642?
6
Calculate the greatest common divisor of 24966 and 54.
18
What is the greatest common factor of 648 and 48?
24
What is the highest common factor of 1908 and 279?
9
Calculate the highest common divisor of 62 and 90148.
62
Calculate the highest common factor of 18 and 36900.
18
What is the highest common divisor of 63 and 54?
9
Calculate the highest common divisor of 1176 and 2562.
42
Calculate the highest common factor of 70 and 30.
10
What is the highest common divisor of 15752 and 132?
44
Calculate the greatest common divisor of 8 and 52.
4
Calculate the highest common factor of 495 and 792.
99
What is the greatest common divisor of 987 and 1029?
21
What is the highest common divisor of 540 and 20?
20
What is the greatest common divisor of 7 and 6013?
7
What is the highest common factor of 9 and 57?
3
Calculate the greatest common divisor of 1456 and 24388.
364
What is the highest common factor of 154 and 364?
14
Calculate the greatest common factor of 7 and 24899.
7
What is the highest common factor of 93 and 527?
31
What is the highest common divisor of 70 and 42?
14
What is the greatest common divisor of 1441 and 22?
11
What is the greatest common divisor of 145 and 7366?
29
Calculate the highest common factor of 20 and 1460.
20
Calculate the greatest common factor of 24 and 30.
6
Calculate the greatest common factor of 15 and 105.
15
Calculate the greatest common factor of 2156 and 2464.
308
What is the greatest common factor of 12 and 12?
12
What is the greatest common factor of 10 and 64?
2
Calculate the highest common factor of 4017 and 39.
39
Calculate the greatest common factor of 96 and 33504.
96
What is the greatest common factor of 144 and 60?
12
Calculate the greatest common factor of 32 and 12.
4
What is the greatest common divisor of 33 and 24?
3
Calculate the greatest common factor of 5819 and 621.
23
What is the highest common factor of 2650 and 275?
25
Calculate the greatest common factor of 21 and 63.
21
What is the highest common divisor of 396 and 88?
44
What is the greatest common divisor of 118 and 118?
118
What is the highest common divisor of 6 and 1080?
6
Calculate the highest common divisor of 225 and 360.
45
Calculate the greatest common factor of 329 and 470.
47
Calculate the highest common factor of 391 and 51.
17
Calculate the highest common divisor of 182 and 35.
7
Calculate the greatest common factor of 8 and 3832.
8
What is the highest common divisor of 707 and 2929?
101
What is the greatest common divisor of 1295 and 35?
35
What is the highest common factor of 222 and 1036?
74
Calculate the greatest common divisor of 660 and 462.
66
Calculate the greatest common factor of 12 and 20316.
12
What is the greatest common divisor of 1088 and 16?
16
What is the highest common divisor of 81 and 9?
9
What is the highest common divisor of 13 and 6799?
13
Calculate the greatest common factor of 31 and 50437.
31
What is the greatest common divisor of 4 and 20?
4
Calculate the highest common divisor of 611 and 13.
13
What is the greatest common divisor of 300 and 156?
12
Calculate the greatest common factor of 120 and 80.
40
Calculate the greatest common factor of 4305 and 105.
105
Calculate the highest common factor of 1458 and 2.
2
Calculate the highest common divisor of 82 and 1107.
41
Calculate the greatest common factor of 27 and 54.
27
What is the greatest common divisor of 3053 and 43?
43
What is the greatest common factor of 1251 and 695?
139
What is the greatest common factor of 24 and 3972?
12
What is the greatest common factor of 28 and 32?
4
What is the greatest common divisor of 68 and 442?
34
What is the greatest common divisor of 17363 and 179?
179
What is the highest common factor of 25 and 675?
25
Calculate the highest common divisor of 150 and 255.
15
What is the greatest common factor of 14892 and 204?
204
What is the highest common factor of 15 and 15?
15
Calculate the highest common factor of 84 and 399.
21
What is the highest common divisor of 1 and 571?
1
What is the greatest common factor of 1970 and 6107?
197
Calculate the highest common factor of 432 and 612.
36
Calculate the greatest common factor of 558 and 27.
9
Calculate the highest common factor of 69 and 9.
3
What is the highest common factor of 144 and 9?
9
What is the highest common factor of 150 and 105?
15
Calculate the greatest common factor of 1422 and 316.
158
What is the highest common divisor of 279 and 18?
9
Calculate the greatest common factor of 108 and 14769.
27
Calculate the highest common divisor of 22 and 814.
22
Calculate the greatest common divisor of 148 and 444.
148
What is the highest common factor of 6000 and 525?
75
What is the highest common factor of 133 and 19?
19
Calculate the greatest common divisor of 648 and 810.
162
What is the highest common divisor of 61 and 427?
61
Calculate the highest common divisor of 1626 and 6.
6
What is the greatest common factor of 113 and 1017?
113
Calculate the greatest common divisor of 4184 and 8.
8
What is the greatest common factor of 47 and 94?
47
What is the greatest common factor of 39 and 312?
39
What is the greatest common factor of 79 and 395?
79
Calculate the greatest common divisor of 15 and 7.
1
Calculate the greatest common divisor of 440 and 5830.
110
What is the greatest common divisor of 1378 and 13?
13
Calculate the highest common factor of 10 and 670.
10
Calculate the greatest common factor of 1380 and 90.
30
Calculate the greatest common factor of 416 and 572.
52
What is the highest common factor of 48 and 5100?
12
Calculate the highest common factor of 768 and 120.
24
What is the greatest common divisor of 30 and 1485?
15
Calculate the highest common divisor of 338 and 234.
26
What is the highest common factor of 432 and 2916?
108
Calculate the greatest common divisor of 159 and 3127.
53
What is the greatest common divisor of 1 and 29?
1
What is the greatest common divisor of 189 and 108?
27
What is the greatest common divisor of 27 and 54?
27
What is the greatest common factor of 984 and 369?
123
Calculate the greatest common factor of 88 and 72.
8
What is the greatest common divisor of 91 and 4043?
13
What is the highest common divisor of 116 and 13282?
58
Calculate the greatest common factor of 430 and 400.
10
What is the greatest common divisor of 297 and 27?
27
Calculate the highest common divisor of 20 and 29020.
20
What is the highest common factor of 1472 and 64?
64
Calculate the highest common factor of 825 and 105.
15
What is the greatest common divisor of 220 and 100?
20
Calculate the greatest common factor of 141 and 47.
47
Calculate the greatest common divisor of 162 and 378.
54
What is the highest common divisor of 24 and 750?
6
What is the greatest common factor of 30 and 78?
6
Calculate the greatest common divisor of 31242 and 246.
246
What is the greatest common factor of 153 and 9?
9
What is the greatest common factor of 68 and 2193?
17
What is the highest common divisor of 1192 and 16?
8
Calculate the highest common factor of 220 and 9460.
220
What is the greatest common divisor of 147 and 21?
21
What is the highest common divisor of 1413 and 9?
9
Calculate the greatest common factor of 14 and 161.
7
What is the highest common factor of 13 and 53?
1
Calculate the greatest common divisor of 600 and 48.
24
What is the gre